14 + -98)?
147
-92 + (-47 - (13 - 32))
-120
What is 85 - (-7 - (-93 + 32))?
31
5547 + -5626 - (-22 - (-2 + -1))
-60
What is the value of -6 + ((29 - -5) + -12 + 7 + 12 - 0)?
35
Evaluate -133 - -127 - ((-54 - 0 - 9) + (-1 - -3)).
55
What is the value of -6 + 21 + 0 + 7 + -24 + -1 + 14?
11
What is the value of (-73 - -52 - -11) + 52?
42
What is -7 + (-74 - (-1 - (-6 + (0 - 7)))) - 8?
-101
What is (45 - 80) + -7 + (89 - 2)?
45
What is -30 + 41 + 32 + -16 + -34?
-7
Evaluate -22 - ((-77 - -17) + 15 + 5).
18
What is 71 + -108 + -12 + 14 + -11?
-46
What is the value of (-5 + -20 - -15) + 16?
6
Calculate -4 + -3 + 43 + -2 + (67 - 67).
34
What is the value of -4 + 105 + 5 - (1143 + -1129)?
92
Evaluate 18 + (79 - (-81 + 186) - (14 + 1)).
-23
Calculate -14 - (281 + -295) - (-23 + 1 - 0).
22
What is 18 + 5 + -6 + -8 + 21 + (-1 - -2)?
31
What is the value of 16 + -10 + -32 + 24?
-2
Evaluate 10 + 1 - (-6 + -7 + 13 + 6).
5
What is 66 + -39 + 67 + -34?
60
What is -28 + 2 + 67 + -42 + 1 + 50 + 0?
50
-3 + (6 - (-35 + 19)) + 92
111
Evaluate -366 + 368 + (-25 - -2) - (-3 - 43).
25
What is (49 - (20 + -7)) + (-6 - (-16 + (0 - -4)))?
42
What is (-117 - (-46 + 20)) + 24 + -13?
-80
What is -113 - (-63 + 29) - (-7 - -1)?
-73
-1 + -10 - ((-45 - -10) + 8) - (-2 - -3)
15
Calculate -2 + -5 - (103 + -114 - (-32 + 1)).
-27
Calculate 64 + 3 + (49 - (45 - 4)) + (0 - 4).
71
3 + -20 + (1 - -24) + (-4 - -53)
57
What is the value of (-56 - -112) + -38 + -23?
-5
Evaluate -40 - (-1 - 83) - 16.
28
What is the value of (31 - (-88 - -105)) + (11 + -10 - (15 - 0))?
0
What is the value of -1186 + 1187 + -1 + -35?
-35
Evaluate 19 - 3 - (13 + -52 + 29).
26
Evaluate (0 - 10) + 1121 + -1067.
44
Calculate 38 - 125 - -148 - 0.
61
Evaluate -1 + 43 + -3200 + 3202.
44
Evaluate 125 + -46 + -59 - (0 - 44).
64
Calculate -17 + -19 + (-6 - -18) + -6.
-30
What is the value of 8 + 6 + -10 + (17 - 18) - 9?
-6
What is (978 - 1041) + (46 - 1)?
-18
2 + 70 + 6 + (252 - 231 - (31 + -1))
69
Evaluate 73 + (-66 - 24) - -75.
58
What is the value of (-29 - -26) + ((-19 - -17) + (10 - -1) - 122)?
-116
What is 41 + 9 + -37 + -35?
-22
What is the value of -29 + (-28 + -1 - -64) + 11?
17
Evaluate 159 - (57 + -38 + 6 + -29 + 20).
143
What is 10 - (1 - (9 + (-1 - 11)) - (8 + -3))?
11
What is -14 - (5 - -17 - 45)?
9
Calculate 32 + -1 - (225 + -177).
-17
What is the value of -115 + (-72 - (-49 + 19) - -55)?
-102
What is (-42 - (1 + 3)) + (20 - 0)?
-26
Calculate 12 - (7 - (50 + -30) - (-11 + -3 + 4)).
15
What is the value of -116 + 15 + 24 + 163?
86
What is 0 + 16 + -60 + -24 + 79 - (-1 + -10)?
22
Evaluate (96 - (-18 + 31)) + -40.
43
Calculate (-10 - ((5 - -2) + (18 - -46))) + 10.
-71
What is the value of (121 - (118 + -76)) + -190?
-111
Calculate 83 + (-2 - (-4 - -17 - 4) - (495 + -493)).
70
12 + (-97 - -6 - -6) + (6 - 2) + -2
-71
What is 19 + 8 + -7 - (15 - (65 + -34))?
36
What is the value of (-113 - 24) + (7 - 5) + 10 + 7?
-118
What is 110 - (11 - 25 - (0 - -11 - 6))?
129
What is the value of (-2 - (-1 + 3 - 4 - 39)) + (-37047 - -37035)?
27
Evaluate 43 + (1 - 65) + 10.
-11
-3 - -2 - (13 + -20 + 10 + -10 + 4)
2
Calculate 23 - (-110 + (52 - -15)).
66
85 - (106 + (-39 - 3))
21
What is the value of -17 - (0 - -22 - (83 + -37))?
7
(4 - 1 - (-29 + (-19 - -42))) + -14
-5
What is the value of -115 - (109 - (72 + 118))?
-34
4 + -80 + 9 + -30 + (18 - 13 - -7)
-85
What is the value of (-3 - -2) + -3 + (595 - 608)?
-17
Evaluate -87 + -1 - (-17 - (-16 + 19 + -11)).
-79
What is the value of (29 - (-25 - -54)) + -27?
-27
Calculate -42 + 49 - (-2 + (10 - 20)).
19
What is the value of 88 - 1 - ((-1 - -5 - 28) + (66 - 34))?
79
Evaluate -13 + (-3 + 5 + -1 - 2) + 6 + -11.
-19
Evaluate -33 + -3 + (10 - -5).
-21
Calculate -5 - ((7 - 12) + (0 - -2) + 12).
-14
1 - 22 - (-1 - (7 + -6 + -6))
-25
(-28 - -41) + -7 + -5 + 3 + 13 - 10
7
What is the value of ((-21 + 16 - -18) + -8 - (7 + 0)) + 0?
-2
Evaluate (10 - 79) + (3 - -123).
57
What is the value of -33 + 0 - (-7 - (-4 + (-16 - (4 + -13))))?
-37
What is the value of -19117 + 18938 + -1 + 86?
-94
(1 - -64) + 2075 + -2156
-16
42 + -14 + -20 - (-1 + 19)
-10
Calculate (9 - 23 - 12) + (84 - 68).
-10
What is 6 + -15 + (23 - (-1 + 24)) + 9 + -1?
-1
What is the value of 4 + (12 - (8 - -10)) + 25?
23
What is -1 - ((-16 + -1 - -9) + 8) - (-22 + -22)?
43
Evaluate -73 - (-151 + (8 - -59)).
11
15 + -10 + -16 + 23 + -6
6
What is 3 + 0 - (12 + 8) - -52?
35
What is 6 + (0 - (27 + -24 + 21 - -129))?
-147
Calculate 43 + (-79 - -25) - (-10 + -1 + 1) - 102.
-103
What is the value of (2 + 60 - -4) + (100 - 89 - 12)?
65
Evaluate (-47 + 1 - 1) + -1908 + 1916.
-39
-57 + (22 - 27 - 5 - (-16 - -4))
-55
-11 - ((2 - (28 + -3)) + 738 + -732)
6
Calculate (31 - 18 - (18 + -18 + 5)) + 0 + 2.
10
Evaluate 3 - (37 + 27 - 87).
26
Evaluate (-5 - 1 - 6) + 3 - (26 + -47).
12
What is the value of -2 + 11 + 2 + -65 + (8 + -5 - 17)?
-68
Evaluate -102 + -7 + -1 + (3 - (12 - 7 - 0)).
-112
What is -29 - (-13 - ((90 - 95) + (-9 - -1)))?
-29
What is the value of -1 - (-18 - (-6 - 1) - (12 + 17))?
39
What is the value of (-19 - -7) + (3 + -7 - (-3 + 8 + -63))?
42
What is -1 + 65 - ((201 - 106) + -83)?
52
What is the value of (-39 - 29) + 88 - 13?
7
What is the value of 6 - (-229 - -244 - (3 - (8 + 3)))?
-17
What is the value of -113 + (-107 - (114 - 414))?
80
Evaluate 240 - 150 - (-7 - (-8 - (-2 - -3))).
88
What is the value of 43 + 11 + -346 + 340?
48
Calculate 2 - (22 + 6 + -34 - (-2 + -15)).
-9
Evaluate -26 - (-19 - (-7 - -7)) - 7.
-14
Evaluate (-7 - -1 - (72 + -71)) + (6 - 81) - -7.
-75
What is the value of (-4 + -3 - -1) + 7 + (17 - 32)?
-14
What is the value of -37 - ((-6 - -54) + -13) - -29?
-43
Calculate -33 - (8 + (-12 + -22 - -29)).
-36
(36 - (-42 + 11)) + -132
-65
Calculate 4 - 5 - (-7 + 6) - -66.
66
Calculate 3 - ((2 - 12) + 9 - (-3 + 6 + -43)).
-36
Calculate -21 - (7 - -6) - (-10 + -13).
-11
Evaluate -1 - 30 - (46 + -69) - (-46 - 0).
38
Evaluate -46 + -15 + 70 + -8.
1
What is -60 + (22 - 1 - -8) - -8?
-23
26 + (3 - 39) + -20 + 35
5
Evaluate 146 + -12 + (-1 + 3 - (-423 + 446)).
113
Calculate (-35 - (-47 - -41)) + -16.
-45
What is the value of 5785 + -5935 + (63 - -1)?
-86
Evaluate -165 + 124 - (6 - 89).
42
Calculate 40 + (12 + -61 - -30) + -149.
-128
Calculate (28 - 217) + 4 + (21 - -21).
-143
What is (2 - (7 + 65)) + 46?
-24
What is the value of ((-106 - 33) + 94 - -46) + 1 + (1 - -69)?
72
-1 - (9 - 9 - -7) - -8 - (61 + -15)
-46
Calculate 5 + -40 + -57 - -81.
-11
-3 + 49 + -835 + 820
31
Evaluate -73 - (-110 + (-23 - 31)).
91
What is the value of -18 - -54 - 27 - (6 - 0) - (-1 + 45)?
-41
-128 - -13 - -100 - 126
-141
Evaluate 6 - (78 + -19 + -16 + 24 + 17 + -1).
-77
What is the value of -1 + -5 + 604 + -604?
-6
Calculate (-12 - 1 - (-6 + 7)) + -175 + 17 + 59.
-113
What is -9 + -31 + 36 + 19 - -37?
52
What is (136 - 44) + -84 + 18?
26
173 + (30 - 88 - 16)
99
Calculate -10 + (29 + -47 - 1).
-29
Calculate -139 + -32 - -101 - -12.
-58
What is -3 - (3 + -34 - -49)?
-21
What is -63 - (-11 + -25) - 27?
-54
(10 - (-4 - -7)) + (-59 - -70)
18
Evaluate (154 - (137 + -77)) + -76.
18
(0 - 2 - (22 + -13)) + (-102 - -72 - 33)
-74
What is (7 - 11) + 12 - (11 + 1 + 10)?
-14
Calculate 19 + (37 - 4) + -92.
-40
What is the value of 5792 + -5914 - (0 + -22 + -3)?
-97
What is the value of -6 + 53 - (4 - (-8 + 29 + -10 - 0))?
54
11 + (4 + -6 - 1) - (4 - (155 + -47))
112
Evaluate -28 + (-9 + 18 - 30).
-49
What is 53 + (-9 - (27 + 47))?
-30
What is the value of 24 + -1 + -24 - (-19 + 22)?
-4
65 + (-35 + 30 - 15)
45
Calculate (-18 - (53 + -18)) + 8 + -5 + 11.
-39
Evaluate (-31 - 4) + 88 + -160 + 117.
10
What is -11 + (-38 + 44 + -1 - (-1 - 18))?
13
(-35 - -35 - (-2 - -118)) + (10 - (20 + -25))
-101
What is 63 + -184 + 0 + 3?
-118
-12972 + 12944 + (1 - 2) + 124
95
Evaluate 1 + -2 + -41 + 360 + (-500 - -128).
-54
Evaluate 31 + (61 + 42 - 97).
37
What is the value of (0 - (-5 + 5 - 47)) + 3 + (461 - 470)?
41
(-14 - -9) + (3 - 2) - (54 + -15)
-43
What is 35 + -31 + (-12 - -90 - 4)?
78
What is -32 + -1 - (832 - 795)?
-70
Calculate (29 - 0) + (-38 + (11 - -5) - -31).
38
What is (-3 - (-6 - -1)) + 37 + (-5 - -35) + -11?
58
Evaluate (-32 - (51 + -13)) + 85.
15
-45 + (-47 - (-101 + -26) - 49)
-14
Evaluate -34 + 29 - (-19 + -3 + 15).
2
22 + (-60 - (18 + -56 +